vided by 13?
9
Calculate the remainder when 3253 is divided by 114.
61
Calculate the remainder when 1780 is divided by 1641.
139
Calculate the remainder when 94769 is divided by 13.
12
Calculate the remainder when 2274 is divided by 2161.
113
What is the remainder when 3022 is divided by 85?
47
What is the remainder when 241991 is divided by 60490?
31
Calculate the remainder when 1423 is divided by 183.
142
Calculate the remainder when 81014 is divided by 31.
11
Calculate the remainder when 6740 is divided by 6658.
82
Calculate the remainder when 4480 is divided by 1119.
4
Calculate the remainder when 1046 is divided by 150.
146
What is the remainder when 70592 is divided by 35287?
18
What is the remainder when 81406 is divided by 424?
422
Calculate the remainder when 65548 is divided by 119.
98
What is the remainder when 180367 is divided by 15?
7
What is the remainder when 40694 is divided by 50?
44
Calculate the remainder when 1333 is divided by 232.
173
Calculate the remainder when 156946 is divided by 39191.
182
What is the remainder when 208662 is divided by 69554?
0
What is the remainder when 30977 is divided by 628?
205
Calculate the remainder when 573 is divided by 16.
13
What is the remainder when 684 is divided by 240?
204
What is the remainder when 10153 is divided by 509?
482
What is the remainder when 12437 is divided by 179?
86
Calculate the remainder when 1330 is divided by 276.
226
Calculate the remainder when 20445 is divided by 4.
1
Calculate the remainder when 21796 is divided by 25.
21
What is the remainder when 354297 is divided by 177139?
19
What is the remainder when 32234 is divided by 18?
14
Calculate the remainder when 32716 is divided by 1092.
1048
Calculate the remainder when 5648 is divided by 266.
62
Calculate the remainder when 3039 is divided by 113.
101
Calculate the remainder when 7090 is divided by 7055.
35
What is the remainder when 1167595 is divided by 1200?
1195
What is the remainder when 1900869 is divided by 306?
303
Calculate the remainder when 12923 is divided by 57.
41
What is the remainder when 1385 is divided by 186?
83
What is the remainder when 1180601 is divided by 290?
11
Calculate the remainder when 48058 is divided by 1145.
1113
Calculate the remainder when 41462 is divided by 1254.
80
Calculate the remainder when 582608 is divided by 4.
0
What is the remainder when 1694912 is divided by 146?
144
Calculate the remainder when 577688 is divided by 22.
12
What is the remainder when 2507 is divided by 364?
323
What is the remainder when 188095 is divided by 475?
470
Calculate the remainder when 21669 is divided by 45.
24
Calculate the remainder when 4393 is divided by 627.
4
What is the remainder when 11671 is divided by 191?
20
What is the remainder when 8788 is divided by 208?
52
Calculate the remainder when 23600 is divided by 445.
15
What is the remainder when 14288 is divided by 4749?
41
What is the remainder when 2197 is divided by 667?
196
What is the remainder when 20646 is divided by 85?
76
What is the remainder when 30295 is divided by 10096?
7
Calculate the remainder when 13729 is divided by 13.
1
What is the remainder when 14235 is divided by 50?
35
What is the remainder when 10765 is divided by 3588?
1
Calculate the remainder when 210717 is divided by 80.
77
Calculate the remainder when 960 is divided by 168.
120
What is the remainder when 8220 is divided by 8037?
183
Calculate the remainder when 5952 is divided by 65.
37
Calculate the remainder when 55337 is divided by 13.
9
What is the remainder when 3889 is divided by 4?
1
Calculate the remainder when 3118 is divided by 31.
18
What is the remainder when 79251 is divided by 5283?
6
Calculate the remainder when 10935 is divided by 5463.
9
Calculate the remainder when 26745 is divided by 8768.
441
What is the remainder when 775974 is divided by 1852?
1838
Calculate the remainder when 2233 is divided by 3.
1
What is the remainder when 5139 is divided by 25?
14
What is the remainder when 14658 is divided by 2927?
23
Calculate the remainder when 185403 is divided by 1993.
54
Calculate the remainder when 311 is divided by 27.
14
What is the remainder when 93193 is divided by 23?
20
What is the remainder when 717807 is divided by 44?
35
Calculate the remainder when 212207 is divided by 308.
303
What is the remainder when 3824 is divided by 1701?
422
What is the remainder when 14098 is divided by 221?
175
What is the remainder when 178617 is divided by 11906?
27
Calculate the remainder when 21799 is divided by 10295.
1209
What is the remainder when 1038642 is divided by 346207?
21
What is the remainder when 3455 is divided by 1707?
41
Calculate the remainder when 74334 is divided by 483.
435
Calculate the remainder when 1036806 is divided by 11.
1
What is the remainder when 4129 is divided by 13?
8
Calculate the remainder when 99812 is divided by 39.
11
What is the remainder when 135830 is divided by 24?
14
Calculate the remainder when 2006 is divided by 493.
34
Calculate the remainder when 1672214 is divided by 7.
5
Calculate the remainder when 38367 is divided by 495.
252
Calculate the remainder when 259774 is divided by 3418.
6
Calculate the remainder when 314 is divided by 43.
13
Calculate the remainder when 12303 is divided by 1536.
15
Calculate the remainder when 4577 is divided by 267.
38
Calculate the remainder when 12813 is divided by 4097.
522
Calculate the remainder when 5290 is divided by 413.
334
Calculate the remainder when 873385 is divided by 159.
157
What is the remainder when 9204 is divided by 1824?
84
What is the remainder when 12876 is divided by 169?
32
What is the remainder when 140423 is divided by 1180?
3
What is the remainder when 1185 is divided by 32?
1
Calculate the remainder when 142601 is divided by 23759.
47
Calculate the remainder when 5174 is divided by 69.
68
Calculate the remainder when 11769 is divided by 10501.
1268
Calculate the remainder when 811119 is divided by 2993.
16
Calculate the remainder when 5758 is divided by 7.
4
What is the remainder when 3310990 is divided by 719?
714
Calculate the remainder when 5276 is divided by 19.
13
What is the remainder when 4160 is divided by 136?
80
Calculate the remainder when 24580 is divided by 102.
100
What is the remainder when 75154 is divided by 2591?
15
Calculate the remainder when 41182 is divided by 117.
115
What is the remainder when 1476 is divided by 166?
148
Calculate the remainder when 824 is divided by 184.
88
What is the remainder when 62399 is divided by 130?
129
Calculate the remainder when 2544 is divided by 31.
2
Calculate the remainder when 20894 is divided by 5222.
6
Calculate the remainder when 11359 is divided by 327.
241
Calculate the remainder when 3224 is divided by 124.
0
Calculate the remainder when 3002 is divided by 613.
550
Calculate the remainder when 159437 is divided by 590.
137
Calculate the remainder when 1080771 is divided by 17.
13
What is the remainder when 35045 is divided by 231?
164
What is the remainder when 3113 is divided by 350?
313
What is the remainder when 52159 is divided by 44?
19
What is the remainder when 418760 is divided by 391?
390
Calculate the remainder when 4161 is divided by 1360.
81
What is the remainder when 2685 is divided by 37?
21
What is the remainder when 8190 is divided by 2019?
114
What is the remainder when 797705 is divided by 21?
20
What is the remainder when 10849 is divided by 257?
55
Calculate the remainder when 679153 is divided by 139.
138
Calculate the remainder when 7585 is divided by 278.
79
Calculate the remainder when 28001 is divided by 34.
19
Calculate the remainder when 169736 is divided by 13.
8
Calculate the remainder when 17913 is divided by 5969.
6
What is the remainder when 1589 is divided by 50?
39
Calculate the remainder when 34996 is divided by 34960.
36
Calculate the remainder when 102545 is divided by 675.
620
Calculate the remainder when 542500 is divided by 15.
10
Calculate the remainder when 38551 is divided by 8.
7
What is the remainder when 61630 is divided by 20525?
55
What is the remainder when 236 is divided by 17?
15
Calculate the remainder when 26007 is divided by 30.
27
Calculate the remainder when 3732 is divided by 171.
141
What is the remainder wh